{"id":3052,"date":"2014-01-16T00:49:38","date_gmt":"2014-01-15T23:49:38","guid":{"rendered":"http:\/\/ulrichwalther.com\/?page_id=3052"},"modified":"2023-04-17T21:54:14","modified_gmt":"2023-04-17T20:54:14","slug":"vita","status":"publish","type":"page","link":"http:\/\/ulrichwalther.com\/?page_id=3052","title":{"rendered":"Vita"},"content":{"rendered":"<div class=\"content-layout layout-item-0\">\n<div class=\"content-layout-row\">\n<div class=\"layout-cell layout-item-1\" style=\"width: 100%;\">\n<p style=\"margin-top: 100px; line-height: 100%; margin-bottom: 0px;\"><span style=\"color: #dddddd;\"><a href=\"http:\/\/ulrichwalther.com\/?page_id=3052\"><span style=\"font-style: italic;\">DEUTSCH\u00a0<\/span><\/a><\/span>\u00a0\u00a0<a href=\"http:\/\/ulrichwalther.com\/?page_id=3053\">ENGLISH<\/a>\u00a0<span style=\"font-family: 'Arial Black'; font-size: 10px; color: #8c8b87;\">\u00a0 \u00a0<a href=\"http:\/\/ulrichwalther.com\/?page_id=3054\">FRANCAISE<\/a><\/span><\/p>\n<\/div>\n<\/div>\n<\/div>\n<div class=\"content-layout layout-item-2\">\n<div class=\"content-layout-row\">\n<div class=\"layout-cell layout-item-3\" style=\"width: 100%;\">\n<p style=\"line-height: 100%; margin-top: 0px;\" align=\"justify\"><span style=\"text-align: left;\"><div class='scroll-pane'><p><\/span><\/p>\n<p align=\"justify\"><span style=\"font-size: 11px;\">Ulrich Walther, geboren 1980 in Hagen (Westfalen), studierte Konzertfach Orgel, Kirchenmusik, Schulmusik und Musikp\u00e4dagogik an der Staatlichen Hochschule f\u00fcr Musik und Darstellende Kunst Stuttgart. Seine Lehrer waren dort Ludger Lohmann, J\u00fcrgen Essl, Hans-Martin Corrinth und Willibald Bezler. Walther erg\u00e4nzte seine Ausbildung durch private Studien bei David Sanger und die Teilnahme an zahlreichen Meisterkursen, unter anderem bei Hans-Ola Ericsson, Lorenzo Ghielmi, Jon Laukvik, Daniel Roth, Gerhard Weinberger und Heinz Wunderlich.<\/span><\/p>\n<p class=\"MsoNormal\" style=\"text-align: justify;\"><span style=\"font-family: Arial; font-size: 11px;\">Bei mehreren internationalen Wettbewerben ging er als Preistr\u00e4ger hervor: 2005 1. Preis in Korschenbroich\/Westfalen, 2006 2. Preis und Sonderpreis f\u00fcr die beste Interpretation des zeitgen\u00f6ssischen Auftragswerkes\u00a0von Thomas Daniel Schlee beim Wettbewerb \u201eBach und die Moderne\u201c in Graz, 2. Preis beim Helmut Bornefeld-Wettbewerb in Heidenheim. 2007 1. Preis und Publikumspreis in St.Albans. 2008 Auszeichnung\u00a0mit einem Stipendium des Deutschen Musikrates und Aufnahme in die Bundesauswahl \u201eKonzerte junger\u00a0K\u00fcnstler\u201c, 1. Preis und Messiaenpreis beim Bach-Liszt-Wettbewerb in Erfurt-Weimar-Merseburg.<\/span><\/p>\n<p class=\"MsoNormal\" style=\"text-align: justify;\"><span style=\"font-family: Arial; font-size: 11px;\">Nach einer zweij\u00e4hrigen T\u00e4tigkeit als Gastprofessor wurde Ulrich Walther 2010 als Professor f\u00fcr Orgel an die Kunstuniversit\u00e4t Graz berufen. Im Rahmen seiner Konzertt\u00e4tigkeit war er zu Gast bei namhaften Festivals in Europa, Russland und Amerika: u. a. ION N\u00fcrnberg, Jeunesse Wien, St. Albans International Organ Festival, Th\u00fcringer Bachwochen, Notre Dame de Chartres, St.-Bavokerk Haarlem, Merseburger Dom, Konzerthalle Bamberg, Capella St. Petersburg, Los Angeles (St. James Episcopal Church), Moscow International House of Music, Schloss Frederiksborg Kopenhagen, Town Hall Birmingham, National Evangelical Church of Beirut. Daneben erg\u00e4nzen das Unterrichten bei Kursen im In- und Ausland, Improvisationen zu Stummfilmen, CD- und Rundfunkaufnahmen, Publikationen in Fachzeitschriften und die T\u00e4tigkeit als Wettbewerbsjuror sein k\u00fcnstlerisches Profil.<\/span><\/p>\n<p class=\"MsoNormal\" style=\"text-align: justify;\"><span style=\"font-family: Arial; font-size: 11px;\">Gegenw\u00e4rtig widmet sich Walther in Erg\u00e4nzung zu einer umfassenden historisch informierten Auff\u00fchrungspraxis auch der k\u00fcnstlerisch-wissenschaftlichen Erforschung unterschiedlicher Bearbeitungsformen sowie dem Bereich Jazz und der Hammondorgel. In diesem Zusammenhang entstanden mehrere Transkriptionen (teilweise Erst\u00fcbertragungen, u.a. Bachs Brandenburgisches Konzert Nr. 3, Liszts Sonate h-Moll, Liszts 2. Ballade, Reubkes Klaviersonate b-Moll, Regers Mozartvariationen op. 132, Kapustins Jazz-Et\u00fcden op. 40) und CD-Produktionen (u.a. 2018 S\u00e4mtliche Bearbeitungen Max Regers f\u00fcr Orgel auf 4CDs, weiterhin \u201eJazz-Spors-Bach\u201c mit Triosonaten im Original und Jazz-Bearbeitung).<\/span><\/p>\n<p class=\"MsoNormal\" style=\"text-align: justify;\"><span style=\"font-family: Arial; font-size: 11px;\">An der Hochschule f\u00fcr Musik und Theater \u201eFelix Mendelssohn Bartholdy\u201c Leipzig promovierte Walther im Januar 2022 mit der Arbeit \u201eOrgelspezifische Interpretations- und Bearbeitungskonzepte im Spannungsfeld von Werktreue, Instrumentation und Translation\u201c zum Doktor der Philosophie (PhD).<\/span><\/p>\n<p><a href=\"http:\/\/ulrichwalther.com\/wp-content\/uploads\/2023\/03\/Vita_Ulrich_Walther_deutsch-2023.pdf\">Vita_Ulrich_Walther_deutsch<\/a><\/p>\n<p class=\"MsoNormal\" style=\"text-align: justify;\">\n<\/div><style>.scroll-pane{width: 100%;height:420px;overflow: auto;}<\/style><\/p>\n<\/div>\n<\/div>\n<\/div>\n","protected":false},"excerpt":{"rendered":"<p>DEUTSCH\u00a0\u00a0\u00a0ENGLISH\u00a0\u00a0 \u00a0FRANCAISE<\/p>\n","protected":false},"author":1,"featured_media":0,"parent":3048,"menu_order":5,"comment_status":"closed","ping_status":"closed","template":"","meta":[],"_links":{"self":[{"href":"http:\/\/ulrichwalther.com\/index.php?rest_route=\/wp\/v2\/pages\/3052"}],"collection":[{"href":"http:\/\/ulrichwalther.com\/index.php?rest_route=\/wp\/v2\/pages"}],"about":[{"href":"http:\/\/ulrichwalther.com\/index.php?rest_route=\/wp\/v2\/types\/page"}],"author":[{"embeddable":true,"href":"http:\/\/ulrichwalther.com\/index.php?rest_route=\/wp\/v2\/users\/1"}],"replies":[{"embeddable":true,"href":"http:\/\/ulrichwalther.com\/index.php?rest_route=%2Fwp%2Fv2%2Fcomments&post=3052"}],"version-history":[{"count":22,"href":"http:\/\/ulrichwalther.com\/index.php?rest_route=\/wp\/v2\/pages\/3052\/revisions"}],"predecessor-version":[{"id":3771,"href":"http:\/\/ulrichwalther.com\/index.php?rest_route=\/wp\/v2\/pages\/3052\/revisions\/3771"}],"up":[{"embeddable":true,"href":"http:\/\/ulrichwalther.com\/index.php?rest_route=\/wp\/v2\/pages\/3048"}],"wp:attachment":[{"href":"http:\/\/ulrichwalther.com\/index.php?rest_route=%2Fwp%2Fv2%2Fmedia&parent=3052"}],"curies":[{"name":"wp","href":"https:\/\/api.w.org\/{rel}","templated":true}]}}